{"id":122,"date":"2014-03-13T16:03:28","date_gmt":"2014-03-13T15:03:28","guid":{"rendered":"http:\/\/mestersegekunnepe.hu\/english\/?page_id=122"},"modified":"2024-04-17T14:58:59","modified_gmt":"2024-04-17T12:58:59","slug":"contact","status":"publish","type":"page","link":"https:\/\/mestersegekunnepe.hu\/english\/contact\/","title":{"rendered":"Contact"},"content":{"rendered":"<div class=\"wpb-content-wrapper\"><p>[vc_row][vc_column width=&#8221;1\/2&#8243;][vc_column_text]<\/p>\n<div><strong>Organizer: <\/strong><\/div>\n<div>&nbsp;<\/div>\n<div><strong>N\u00e9pm\u0171v\u00e9szeti Egyes\u00fcletek Sz\u00f6vets\u00e9ge (Associaton of Hungarian Folk Artists)<\/strong><\/div>\n<div>&nbsp;<\/div>\n<div>1011 Budapest, Szil\u00e1gyi Dezs\u0151 t\u00e9r 6.<\/div>\n<div>Phone: + 36 30 070 52 05<br \/>\nE-mail: <a href=\"mailto:neszfolk@nesz.hu\" target=\"\" rel=\"noopener noreferrer\">neszfolk@nesz.hu<\/a><\/div>\n<div>&nbsp;<\/div>\n<p><strong>Media relations, press information, photo request:<\/strong><\/p>\n<p>E-mail: <a href=\"mailto:adonyi.adrienn@nesz.hu\">adonyi.adrienn@nesz.hu<\/a><\/p>\n<div>&nbsp;<\/div>\n<p>[\/vc_column_text][\/vc_column][vc_column width=&#8221;1\/2&#8243;][vc_column_text]<\/p>\n<h2>Contact us!<\/h2>\n<div class=\"wpcf7 no-js\" id=\"wpcf7-f3036-o1\" lang=\"hu-HU\" dir=\"ltr\" data-wpcf7-id=\"3036\">\n<div class=\"screen-reader-response\"><p role=\"status\" aria-live=\"polite\" aria-atomic=\"true\"><\/p> <ul><\/ul><\/div>\n<form action=\"\/english\/wp-json\/wp\/v2\/pages\/122#wpcf7-f3036-o1\" method=\"post\" class=\"wpcf7-form init\" aria-label=\"Kapcsolatfelv\u00e9teli \u0171rlap\" novalidate=\"novalidate\" data-status=\"init\">\n<fieldset class=\"hidden-fields-container\"><input type=\"hidden\" name=\"_wpcf7\" value=\"3036\" \/><input type=\"hidden\" name=\"_wpcf7_version\" value=\"6.1.5\" \/><input type=\"hidden\" name=\"_wpcf7_locale\" value=\"hu_HU\" \/><input type=\"hidden\" name=\"_wpcf7_unit_tag\" value=\"wpcf7-f3036-o1\" \/><input type=\"hidden\" name=\"_wpcf7_container_post\" value=\"0\" \/><input type=\"hidden\" name=\"_wpcf7_posted_data_hash\" value=\"\" \/>\n<\/fieldset>\n<p>Name (required)\n<\/p>\n<p><span class=\"wpcf7-form-control-wrap\" data-name=\"your-name\"><input size=\"40\" maxlength=\"400\" class=\"wpcf7-form-control wpcf7-text wpcf7-validates-as-required\" aria-required=\"true\" aria-invalid=\"false\" value=\"\" type=\"text\" name=\"your-name\" \/><\/span>\n<\/p>\n<p>E-mail address (required)\n<\/p>\n<p><span class=\"wpcf7-form-control-wrap\" data-name=\"your-email\"><input size=\"40\" maxlength=\"400\" class=\"wpcf7-form-control wpcf7-email wpcf7-validates-as-required wpcf7-text wpcf7-validates-as-email\" aria-required=\"true\" aria-invalid=\"false\" value=\"\" type=\"email\" name=\"your-email\" \/><\/span>\n<\/p>\n<p>Subject\n<\/p>\n<p><span class=\"wpcf7-form-control-wrap\" data-name=\"your-subject\"><input size=\"40\" maxlength=\"400\" class=\"wpcf7-form-control wpcf7-text\" aria-invalid=\"false\" value=\"\" type=\"text\" name=\"your-subject\" \/><\/span>\n<\/p>\n<p>Message\n<\/p>\n<p><span class=\"wpcf7-form-control-wrap\" data-name=\"your-message\"><textarea cols=\"40\" rows=\"10\" maxlength=\"2000\" class=\"wpcf7-form-control wpcf7-textarea\" aria-invalid=\"false\" name=\"your-message\"><\/textarea><\/span>\n<\/p>\n<p>Verification Question:\n<\/p>\n<p><span class=\"wpcf7-form-control-wrap\" data-name=\"quiz-702\"><label><span class=\"wpcf7-quiz-label\">What is the opposite of white?<\/span> <input size=\"40\" class=\"wpcf7-form-control wpcf7-quiz\" autocomplete=\"off\" aria-required=\"true\" aria-invalid=\"false\" type=\"text\" name=\"quiz-702\" \/><\/label><input type=\"hidden\" name=\"_wpcf7_quiz_answer_quiz-702\" value=\"d384a3a49c0bd584ed5fd15ea4b20e3c\" \/><\/span>\n<\/p>\n<p><input class=\"wpcf7-form-control wpcf7-submit has-spinner\" type=\"submit\" value=\"Send\" \/>\n<\/p><div class=\"wpcf7-response-output\" aria-hidden=\"true\"><\/div>\n<\/form>\n<\/div>\n[\/vc_column_text][\/vc_column][\/vc_row]<\/p>\n<\/div>","protected":false},"excerpt":{"rendered":"<p>[vc_row][vc_column width=&#8221;1\/2&#8243;][vc_column_text] Organizer: &nbsp; N\u00e9pm\u0171v\u00e9szeti Egyes\u00fcletek Sz\u00f6vets\u00e9ge (Associaton of Hungarian Folk Artists) &nbsp; 1011 Budapest, Szil\u00e1gyi Dezs\u0151 t\u00e9r 6. Phone: + 36 30 070 52 05 E-mail: neszfolk@nesz.hu &nbsp; Media relations, press information, photo request: E-mail: adonyi.adrienn@nesz.hu &nbsp; [\/vc_column_text][\/vc_column][vc_column width=&#8221;1\/2&#8243;][vc_column_text] Contact us! [\/vc_column_text][\/vc_column][\/vc_row]<\/p>\n","protected":false},"author":3,"featured_media":4014,"parent":0,"menu_order":0,"comment_status":"closed","ping_status":"closed","template":"","meta":{"ngg_post_thumbnail":0,"footnotes":""},"class_list":["post-122","page","type-page","status-publish","has-post-thumbnail","hentry","description-off"],"aioseo_notices":[],"_links":{"self":[{"href":"https:\/\/mestersegekunnepe.hu\/english\/wp-json\/wp\/v2\/pages\/122","targetHints":{"allow":["GET"]}}],"collection":[{"href":"https:\/\/mestersegekunnepe.hu\/english\/wp-json\/wp\/v2\/pages"}],"about":[{"href":"https:\/\/mestersegekunnepe.hu\/english\/wp-json\/wp\/v2\/types\/page"}],"author":[{"embeddable":true,"href":"https:\/\/mestersegekunnepe.hu\/english\/wp-json\/wp\/v2\/users\/3"}],"replies":[{"embeddable":true,"href":"https:\/\/mestersegekunnepe.hu\/english\/wp-json\/wp\/v2\/comments?post=122"}],"version-history":[{"count":2,"href":"https:\/\/mestersegekunnepe.hu\/english\/wp-json\/wp\/v2\/pages\/122\/revisions"}],"predecessor-version":[{"id":5124,"href":"https:\/\/mestersegekunnepe.hu\/english\/wp-json\/wp\/v2\/pages\/122\/revisions\/5124"}],"wp:featuredmedia":[{"embeddable":true,"href":"https:\/\/mestersegekunnepe.hu\/english\/wp-json\/wp\/v2\/media\/4014"}],"wp:attachment":[{"href":"https:\/\/mestersegekunnepe.hu\/english\/wp-json\/wp\/v2\/media?parent=122"}],"curies":[{"name":"wp","href":"https:\/\/api.w.org\/{rel}","templated":true}]}}